Let g = j + -22. Calculate the remainder when 45 is divided by g.
13
Suppose 4*h = 3*g - 2, 2*g = 5*h + 3*g - 7. Calculate the remainder when 9 is divided by h.
0
Suppose 4*l + 0*l - 2*h = 12, 5*h - 35 = -3*l. Let u(j) = j**2 + 15*j + 31. Suppose -119 + 28 = 7*b. Calculate the remainder when l is divided by u(b).
0
What is the remainder when (34 + -106)*(-2)/3 is divided by 33?
15
Suppose 0 = o + 4 + 1. Let i = 3 - o. Let v(d) = d**2 - 6*d - 5. Calculate the remainder when 31 is divided by v(i).
9
Let c be 4/(-6) - (-82)/6. Let d(z) be the first derivative of z**3/3 - 6*z**2 + z + 9. Calculate the remainder when 26 is divided by d(c).
12
Let s = 6 - -139. Calculate the remainder when s is divided by 43.
16
Suppose 2*d - 2*m - 5 = -m, 2*d = -4*m + 10. Suppose -d*a = -34 - 104. What is the remainder when a is divided by 10?
6
Suppose 4*f - 6*f = -4*k + 950, k - 3*f - 245 = 0. What is the remainder when k is divided by 53?
24
Suppose 0 = 4*j + r + 304, -3*j = -0*r - 4*r + 247. Let i = j - -182. What is the remainder when i is divided by 27?
24
Let j(a) = 55*a - 20. What is the remainder when j(2) is divided by 70?
20
Suppose -2 = -o + 12. Let n be 10*1*(-12)/(-30). Suppose -2*p = -p + n*w - 65, p - 41 = 4*w. Calculate the remainder when p is divided by o.
11
Let t = 64 + -31. Let k(p) = 12*p**2 - 309*p - 59. What is the remainder when t is divided by k(26)?
14
Let b(t) = -t + 1. What is the remainder when b(-37) is divided by 25?
13
Suppose 1877*s = 1869*s + 80. Calculate the remainder when 412 is divided by s.
2
Suppose -6*k - 5*k = -715. What is the remainder when k is divided by 24?
17
Suppose 17*z = 28*z - 1881. Calculate the remainder when z is divided by 44.
39
Let f = 24 + -20. Suppose -5*j + 11 + 12 = 2*p, -p + 12 = 2*j. Suppose -f*w = -2 - p. Calculate the remainder when w is divided by 2.
0
Let z = 369 + -258. What is the remainder when z is divided by 8?
7
Let v = -247 - -262. Calculate the remainder when v is divided by 13.
2
Calculate the remainder when 58 + (36/(-4) - -3) is divided by 12.
4
Let o(v) = -62*v - 36. What is the remainder when 179 is divided by o(-1)?
23
Let g(z) = z**2 - 29*z + 179. Calculate the remainder when 119 is divided by g(23).
37
Let u = 5 - -5. Let g = u - 14. Let i = 18 + g. What is the remainder when 27 is divided by i?
13
Let p(k) = 3*k**2 + 2*k - 7. What is the remainder when p(-5) is divided by (-745)/(-25) - 0 - 15/(-75)?
28
Suppose -3*u + 9 = -0*u + h, -4*u + 5 = -h. Suppose -6*s + u*s = -184. Let x(v) = -13*v**2 + 275*v - 30. Calculate the remainder when s is divided by x(21).
10
Suppose -3*p = -6*p - 6. Suppose k - j - 5 = j, 0 = k + 4*j + 1. What is the remainder when k is divided by 4*(-1 + (-3)/p)?
1
Suppose 4*s + 5*i - 5 = -s, 3 = -3*i. Suppose 3*c - 2*h = 6, 0 - 10 = -5*c - 3*h. Suppose -s = c*x - 12. What is the remainder when 14 is divided by x?
4
Let l(u) = -2*u - 11. Suppose 2*y = y - 5. Let k be l(y). Let j(i) = -34*i**3 + 1. What is the remainder when j(k) is divided by 12?
11
Suppose h = -3*v + 237 + 733, 0 = -2*h + 4*v + 1890. Calculate the remainder when h is divided by 29.
27
Suppose 4*n = -79 + 295. What is the remainder when n is divided by 15?
9
Suppose n - 91 = -27*x + 24*x, -76 = -3*x - 4*n. Let s = 107 + -46. What is the remainder when s is divided by x?
29
Let q be -1 - (-1)/((-1)/(-3)). Let g be 75/6 + 1/q. Let s = -6 + g. Calculate the remainder when 18 is divided by s.
4
Let m(q) = -14*q + 59. What is the remainder when m(-5) is divided by 44?
41
Suppose 27*r + 60 = 21*r. Let c(g) = g + 28. Calculate the remainder when 70 is divided by c(r).
16
Let j = -12 - -8. What is the remainder when (-26)/(72/20 + j) is divided by 34?
31
Suppose 2 - 34 = -16*o. Suppose -n - t = 4*n - 388, 157 = o*n + t. What is the remainder when n is divided by 20?
17
Suppose 73*p - 81*p + 448 = 0. What is the remainder when p is divided by 21?
14
Let b = -11 + 34. Let n be (18/(-3))/(2/(-5)). Calculate the remainder when n*(27/(-3))/(-3) is divided by b.
22
Suppose -2*v + 3*o = -51 + 25, -5*v + o + 65 = 0. What is the remainder when (46/(-6))/((-2)/6) is divided by v?
10
Let g(k) = -k**2 - k + 61. What is the remainder when g(0) is divided by 3344/114 + -5*(2/6)/(-1)?
30
Suppose -3*y - 3 = -2*y. Let f = 17 - 3. What is the remainder when (-36)/(4/18*y) is divided by f?
12
Let j = -560 + 780. Calculate the remainder when j is divided by 4.
0
Let z = -1 - -3. Suppose -4*o - 49 = 5*v, -4*o - 44 = z*v + 2*v. What is the remainder when 2 is divided by 8/(-40) - o/5?
0
Suppose -1 + 9 = 2*y. Suppose -5*d + 1 = -54. What is the remainder when d is divided by y?
3
What is the remainder when (-58751)/(-462) - (-2)/(-12) is divided by 5?
2
Suppose -2*p + 4 = -6. Suppose 5*v + 4*j = 113, -2*v + p*j + 38 = 3*j. Suppose -6*m - 36 = -9*m. Calculate the remainder when v is divided by m.
9
Suppose 0 = -13*a + 25*a - 228. Calculate the remainder when 74 is divided by a.
17
Let g = 22 + -9. Suppose 3*m = -2*s + 24, -5*m + 40 - 2 = 3*s. What is the remainder when s/(-4)*1316/(-42) is divided by g?
8
Suppose -3*l - 44 = -7*l. Suppose -r - l = -78. Let y(g) = 16*g**3 + 1. Calculate the remainder when r is divided by y(1).
16
What is the remainder when 95 is divided by 3/(-6) + 464/32?
11
Let w be (-10)/((-6)/(-2) - 2). Let d = w - -56. What is the remainder when d is divided by 17?
12
Let f be 3*4/6 + -6. Let w be -9*((-4)/(-3))/f. Suppose 0 = -w*c + 57 + 45. What is the remainder when c is divided by 9?
7
Suppose 59*v = -23*v + 3116. Calculate the remainder when 1101 is divided by v.
37
Let c(q) = -6*q - 4. Calculate the remainder when 82 is divided by c(-8).
38
Let c = -24 - -35. Suppose -5*w = -w + 5*v - 27, -2*w - v = -15. Calculate the remainder when c is divided by w.
3
Calculate the remainder when 82 is divided by 9/(-24) - (-1683)/136.
10
Suppose 5*q + 20 = 0, -2*q + 1642 = 5*o - 0*q. Suppose 0 = 10*b + b - o. What is the remainder when 237 is divided by b?
27
Let q = 392 - 358. What is the remainder when 89 is divided by q?
21
Let k be -6*-2*2/8. What is the remainder when -4 - ((-6)/k - 25) is divided by 12?
11
Let d be 2 + 68*-2 - 2. Let r = 230 + d. What is the remainder when r is divided by 19?
18
Let r be 33/7 + 32/112. Suppose 0 = -3*k - 1 - r. What is the remainder when (-3)/k*(-342)/(-9) is divided by 15?
12
Let i(q) = q**3 + 8*q**2 + 4*q - 20. Calculate the remainder when 69 is divided by i(-6).
13
Suppose m = -0*m + 17. Suppose -l = -1 + 3. What is the remainder when (260/(-8))/(1/l) is divided by m?
14
Let g = 723 + -719. Calculate the remainder when 88/6 + (-3)/(-9) is divided by g.
3
Suppose -6*z - 83*z + 8277 = 0. Calculate the remainder when 370 is divided by z.
91
Suppose 0 = -5*h - 5*w + 1232 - 142, -3*h + w = -658. Calculate the remainder when h is divided by 25.
19
Suppose -2*h - 196 + 226 = 0. Calculate the remainder when 52 is divided by h.
7
Let g = 18 + -2. Calculate the remainder when 10*((-275)/(-22))/5 is divided by g.
9
Suppose -5*f + t + t = -4, 3*t = -3*f - 6. Suppose -49 = 3*r - 2*b - 2*b, f = -r + 2*b - 15. Let v = -13 - r. What is the remainder when 9 is divided by v?
3
Let q(u) = 1 - 3*u - 10 + u**2 + 0*u**2 - 2*u. What is the remainder when 22 is divided by q(7)?
2
Suppose 0 = -12*j - 502 + 5338. Calculate the remainder when j is divided by 14.
11
Let o(b) = 2*b**2 + 111*b - 252. What is the remainder when o(-58) is divided by 1?
0
Let i be 1 + (0/(-2) - -37). Let q = i - 13. What is the remainder when 94 is divided by q?
19
Let o(p) = p**2 - 2*p - 10. What is the remainder when (21/2)/(48/64) is divided by o(5)?
4
Let i = -263 + 269. Let p = -9 + 17. Let m = 29 - p. What is the remainder when m is divided by i?
3
Suppose z + g - 5 = -1, 5*g = -z. Suppose 0 = z*y - y - 8. Calculate the remainder when y is divided by 1.
0
Suppose 0 = -4*a + 12, 4*f - 9*a = -8*a + 117. What is the remainder when 185 is divided by f?
5
Let l(s) = -12*s + 321. What is the remainder when l(5) is divided by 46?
31
Suppose 0*h = -2*h + 84. Calculate the remainder when h is divided by 3.
0
Suppose -2*c = 33*c - 2415. Calculate the remainder when c is divided by 3.
0
Suppose 3 = -11*v + 91. What is the remainder when 46 is divided by v?
6
Suppose 3*y - 4*y = -9. Let w(r) = -r**2 + 10*r - 1. Suppose 3